 = -l**3 - 344*l**2 + 2071*l - 10123. What is a(-350)?
27
Let f(o) = 2022*o - 107261. What is f(53)?
-95
Let w(a) = 6*a**2 - 1722*a - 8747. Determine w(292).
13
Let d(c) = c**3 + 1656*c**2 - 38621*c + 44. What is d(23)?
-48
Let v(o) = -21*o**2 - 1004*o + 209. Calculate v(-48).
17
Let s(w) = -2*w**3 - 809*w**2 + 4100*w - 21. Determine s(5).
4
Let f(h) = -h**3 - 375*h**2 - 163*h + 78929. Determine f(-374).
15
Let f(b) = 3*b**2 - 907*b - 92696. Give f(383).
-10
Let m(i) = 3659*i - 1522373. Determine m(416).
-229
Let s(y) = -y**3 - 25*y**2 + 54*y + 787. Give s(-26).
59
Let c(i) = -8*i**3 - 28*i**2 + 26*i + 49. What is c(2)?
-75
Let u(s) = s**3 + 41*s**2 + 54*s + 153. Determine u(-39).
1089
Let h(m) = 11*m**2 + 516*m - 9015. What is h(-61)?
440
Let r(q) = -2*q**3 - 16*q**2 + 14*q + 85. Determine r(-9).
121
Let w(v) = -248*v**2 + v - 5. Determine w(2).
-995
Let z(a) = 7*a**2 + 804*a - 6122. What is z(-122)?
-22
Let k(r) = -47*r**3 - 30*r**2 - 48*r + 9. Determine k(-2).
361
Let c(k) = -k**2 - 1667*k + 59569. Give c(35).
-1
Let u(o) = -o**2 - 103*o - 713. Determine u(-8).
47
Let w(s) = -230161*s - 18643046. What is w(-81)?
-5
Let z(l) = 106*l**2 - 110022*l - 6314. What is z(1038)?
-86
Let o(g) = -250*g**2 - 95*g - 221. What is o(-2)?
-1031
Let m(a) = -48*a + 1092. Determine m(11).
564
Let w(n) = -7768*n - 1530301. What is w(-197)?
-5
Let c(w) = 60313*w + 1145903. Determine c(-19).
-44
Let d(n) = -361*n**2 - 95*n - 186. Give d(-2).
-1440
Let h(q) = 4*q**2 + 1367*q + 12060. Determine h(-9).
81
Let j(b) = -b**3 - 144*b**2 + 25105*b - 1283. Give j(102).
43
Let f(o) = 1741*o + 52271. Determine f(-30).
41
Let r(g) = 2*g**2 + 132*g - 2231. Determine r(-80).
9
Let l(c) = 2*c**2 + 36741*c - 146973. Determine l(4).
23
Let l(t) = 8*t**3 - 413*t**2 + 254*t + 37. What is l(51)?
-14
Let n(s) = 3*s**3 - 21*s**2 - 37*s - 54. Give n(8).
-158
Let a(i) = -149*i**2 + 1296*i + 12. What is a(8)?
844
Let c(b) = -2*b**2 - 1521*b - 197371. Give c(-166).
3
Let o(i) = -i**3 - 64*i**2 - 348*i + 19059. What is o(-49)?
96
Let k(g) = -g**2 + 100*g - 681. Calculate k(95).
-206
Let o(q) = 584*q - 35621. Calculate o(61).
3
Let t(p) = 3*p**3 - 11*p**2 + 904*p - 6834. Give t(7).
-16
Let r(c) = 21*c**2 - 5330*c - 55390. Calculate r(-10).
10
Let o(z) = 2*z**2 + 5026*z + 35191. Determine o(-7).
107
Let s(i) = 19846*i**2 + 1726599*i - 248. What is s(-87)?
13
Let w(i) = -8032*i - 136573. Calculate w(-17).
-29
Let m(d) = -d**2 + 46*d - 232. What is m(24)?
296
Let v(z) = 2*z**3 - 10*z**2 - 121*z + 24. Determine v(12).
588
Let t(h) = 8626*h - 86690. Calculate t(10).
-430
Let i(h) = 2150*h - 6169. What is i(3)?
281
Let f(x) = 17*x**2 + 134*x + 68. Determine f(-7).
-37
Let c(i) = -i**3 + 43*i**2 + 17*i - 445. Determine c(43).
286
Let a(r) = 71*r**2 + 42*r - 94. Give a(2).
274
Let d(g) = 76687*g - 37. Give d(0).
-37
Let z(a) = -786*a + 5608. Determine z(7).
106
Let d(l) = -l**3 + 30*l**2 + 376*l + 56. Calculate d(-9).
-169
Let w(h) = -2*h**3 - 422*h**2 + 11*h + 2193. Determine w(-211).
-128
Let n(g) = -224*g**2 + 5802*g + 570. Calculate n(26).
-2
Let u(j) = -j**3 + 179*j**2 - 307*j - 9120. What is u(177)?
-801
Let m(o) = o**2 + 3428*o + 463418. What is m(-141)?
-49
Let s(b) = -2*b**2 - 339*b - 4484. Calculate s(-156).
-272
Let k(r) = -16*r**2 + 867*r - 8659. What is k(41)?
-8
Let w(f) = -122*f**2 + 65624*f + 6532. Give w(538).
76
Let x(b) = 1026*b + 6655. Determine x(-6).
499
Let d(r) = 11*r**3 - 811*r**2 - 227*r + 372. Determine d(74).
2
Let h(k) = k**2 - 184*k + 7212. What is h(57)?
-27
Let n(w) = 5*w**2 + 2936*w - 767537. Calculate n(196).
-1
Let s(q) = -2*q**2 + 917. Give s(-29).
-765
Let x(c) = -17*c + 633. Give x(-26).
1075
Let m(x) = 3680*x - 253828. Determine m(69).
92
Let s(m) = 5772*m + 363652. Determine s(-63).
16
Let p(d) = d**2 + 110665*d + 3. Give p(0).
3
Let k(r) = 131*r**2 - 399*r - 1391. What is k(-3)?
985
Let n(v) = 103*v + 402. Give n(-8).
-422
Let v(m) = m**3 - 62*m**2 - 120*m - 532. Give v(64).
-20
Let u(k) = 3*k**3 - 10*k**2 - 29829*k + 149102. Calculate u(5).
82
Let x(a) = a**3 + 15*a**2 - 532*a + 7. Give x(18).
1123
Let f(j) = 480*j - 922. Calculate f(2).
38
Let x(b) = 8*b**2 - 63*b - 221. Calculate x(8).
-213
Let y(h) = -150930*h + 1509305. Give y(10).
5
Let r(s) = -3828*s - 19080. What is r(-5)?
60
Let d(x) = -30*x**2 - 14596*x + 43855. What is d(3)?
-203
Let i(y) = 4*y**3 - 8*y**2 + 69*y + 73. What is i(-1)?
-8
Let o(t) = 253*t - 102458. Determine o(405).
7
Let w(t) = t**3 + 150*t**2 + 1526*t + 278140. Determine w(-152).
-20
Let y(w) = -264*w**3 - 277*w**2 + 540*w - 1. Calculate y(2).
-2141
Let d(s) = 2*s**3 - 213*s**2 + 1488*s - 100667. What is d(104)?
5
Let r(d) = -340*d - 4144. Calculate r(-13).
276
Let w(v) = -49350*v**2 + 1628552*v - 67. Calculate w(33).
-1
Let z(w) = -342*w**2 - 60875*w + 377. What is z(-178)?
199
Let y(z) = -166629*z - 1333037. Determine y(-8).
-5
Let r(m) = m**2 + 283*m + 5759. Calculate r(-22).
17
Let b(j) = 4*j**3 - 2*j**2 + 81*j + 41. Give b(8).
2609
Let t(o) = o**3 - 15*o**2 + 5328*o - 91148. Give t(17).
6
Let g(m) = -166*m**2 + 772*m - 358. Give g(4).
74
Let g(a) = 10*a**3 - 8*a**2 + 9. Determine g(-3).
-333
Let m(z) = -z**3 - 86*z**2 + 13746*z - 5072. What is m(-168)?
-32
Let a(k) = 27*k**3 + 3*k**2 - 427*k + 423. What is a(1)?
26
Let h(p) = p**3 - 15*p**2 + 98*p - 481. What is h(10)?
-1
Let s(w) = w**3 + 57*w**2 + 1246*w + 61603. Give s(-55).
-877
Let x(l) = 25204*l + 4057845. What is x(-161)?
1
Let y(i) = -8836*i - 432613. What is y(-49)?
351
Let w(f) = f**3 - 111*f**2 - 207*f - 1500. Give w(113).
647
Let k(g) = g**3 + 43*g**2 - 146*g - 377. Give k(-46).
-9
Let w(h) = -6347*h - 837797. Give w(-132).
7
Let x(y) = -3*y**3 - 306*y**2 - 3442*y + 2580. Calculate x(-89).
-1
Let v(a) = 4*a**2 - 784*a + 7879. Calculate v(10).
439
Let g(u) = 8*u**2 - 1224*u + 10358. Calculate g(9).
-10
Let y(f) = 167136*f - 2339904. What is y(14)?
0
Let f(s) = -118823*s + 5. What is f(0)?
5
Let r(p) = -p**3 + 283*p**2 + 11482*p + 635. What is r(319)?
-3
Let x(f) = 33*f**2 + 892*f + 797. Calculate x(-26).
-87
Let l(v) = -52*v + 2288. What is l(41)?
156
Let k(o) = -241*o**2 + 763*o - 115. What is k(3)?
5
Let c(f) = 6*f**3 - 554*f**2 - 3302*f. Give c(-6).
-1428
Let u(t) = -337284*t. Give u(0).
0
Let a(h) = -h**2 + 329*h - 21480. What is a(94)?
610
Let d(w) = -23599*w + 2548705. Determine d(108).
13
Let p(a) = -36138*a + 108360. Give p(3).
-54
Let c(u) = -229*u + 1106. What is c(5)?
-39
Let v(n) = n**3 + 763*n**2 + 6788*n + 3. Determine v(-9).
-15
Let v(t) = -35149*t - 105493. What is v(-3)?
-46
Let r(z) = -z**3 - 23*z**2 - 88*z + 73. What is r(-10)?
-347
Let m(h) = -1841*h**2 - 3719*h - 9. What is m(-2)?
65
Let h(i) = 369*i - 46846. Give h(127).
17
Let z(s) = 2*s**3 - 279*s**2 + 3821*s + 2831. Determine z(124).
-21
Let v(l) = -14*l**2 - 229*l + 4155. Give v(-22).
2417
Let b(x) = -12*x**3 + 1569*x**2 + 252*x + 18462. Determine b(131).
-9
Let m(l) = l**2 - 6467*l + 154726. Determine m(24).
94
Let a(w) = 2*w**3 + 40125*w**2 - 280969*w - 12. Give a(7).
16
Let x(p) = -47*p - 582. Calculate x(-2).
-488
Let t(z) = -11*z**3 - 363*z**2 - 530*z - 17500. Calculate t(-33).
-10
Let s(w) = 12*w**2 - 587*w - 1625. Give s(45).
-3740
Let v(d) = 109760*d - 987894. What is v(9)?
-54
Let o(t) = -t**3 - 2*t**2 + 929*t + 12. Calculate o(0).
12
Let h(n) = n**3 - 16*n**2 - 58*n + 171. What is h(20)?
611
Let q(g) = -1569*g - 39293. Determine q(-25).
-68
Let a(p) = -962*p + 25958. Determine a(27).
-16
Let n(i) = -21907*i + 416240. Calculate n(19).
7
Let y(j) = -24*j**2 + 5867*j - 14271. Give y(242).
7
Let g(s) = 2*s**3 - 77*s**2 - 44*s - 20. Give g(39).
-215
Let q(l) = l**2 + 397*l + 28694. Determine q(-302).
4
Let u(n) = 97*n**3 - 31*n**2 + 9*n + 18. Calculate u(1).
93
Let u(r) = -210*r + 7884. Give u(35).
534
Let k(b) = 56*b + 3350. Give k(-68).
-458
Let t(g) = -398*g - 21624. Determine t(-55).
266
Let d(m) = 137*m - 1421. What is d(10)?
-51
Let q(d) = -d**2 + 3158*d + 28470. Determine q(-9).
-33
Let m(r) = 159*r**2 + 15166*r - 40760. Determine m(-98).
8
Let k(g) = g**3 - 6*g**2 - 177*g - 189. Calculate k(-10).
-19
Let f(z) = 581*z + 73204. Determine f(-126).
-2
Let a(f) = 2*f**3 + 254*f**2 + f + 218. Calculate a(-127).
91
Let w(f) = -f**3 + 9*f**2 - 571*f + 5123. Calculate w(9).
-16
L